{"id":10,"date":"2022-02-08T17:52:52","date_gmt":"2022-02-08T17:52:52","guid":{"rendered":"https:\/\/kgv-am-equipagenweg.de\/press\/?page_id=10"},"modified":"2025-08-24T17:08:21","modified_gmt":"2025-08-24T17:08:21","slug":"der-verein","status":"publish","type":"page","link":"https:\/\/kgv-am-equipagenweg.de\/press\/der-verein\/","title":{"rendered":"Der Verein"},"content":{"rendered":"\n<div class=\"wp-block-pb-accordion-item c-accordion__item js-accordion-item no-js\" data-initially-open=\"false\" data-click-to-close=\"true\" data-auto-close=\"true\" data-scroll=\"false\" data-scroll-offset=\"0\"><h2 id=\"at-100\" class=\"c-accordion__title js-accordion-controller\" role=\"button\">Der Vorstand<\/h2><div id=\"ac-100\" class=\"c-accordion__content\">\n<figure class=\"wp-block-table is-style-regular\"><table><tbody><tr><td> Erster Vorsitzender<\/td><td><strong>Andre Just, Garten Nr. 50,<\/strong> <a href=\"mailto:just@kgv-am-equipagenweg.de\">just@kgv-am-equipagenweg.de<\/a><br><br><strong>Aufgaben:<\/strong><br>\u2013 Vertreter des Vereins nach Au\u00dfen (Beh\u00f6rden, Vereine, Firmen)<br>\u2013 Leitung von Vorstands- und Mitgliederversammlungen<br>\u2013 Ansprechpartner f\u00fcr die Belange der Mitglieder<br>\u2013 Vergabe von G\u00e4rten und F\u00fchrung der Mitgliederliste<br>\u2013 Poststelle f\u00fcr den Verein<br>\u2013 Kontrolle und F\u00fchrung des Vereins und der Gartenanlage<\/td><\/tr><tr><td> Zweiter Vorsitzender<br><img decoding=\"async\" src=\"Der%20Verein%20%E2%80%93%20KGV%20am%20Equipagenweg%20e.V-Dateien\/zweiterVS.htm\" alt=\"\"><\/td><td><strong>Andreas M\u00fcller, Garten Nr. 91<\/strong>, <a href=\"mailto:andreas.mueller@kgv-am-equipagenweg.de\">andreas.mueller@kgv-am-equipagenweg.de<\/a><br><br><strong>Aufgaben:<\/strong><br>\u2013 Vertretung des ersten Vorsitzenden<br>\u2013 Ansprechpartner f\u00fcr die Belange der Mitglieder<br>\u2013 Vergabe von G\u00e4rten und F\u00fchrung der Mitgliederliste<br>\u2013 Kontrolle und F\u00fchrung des Vereins und der Gartenanlage<\/td><\/tr><tr><td> Schriftf\u00fchrerin<br><img decoding=\"async\" src=\"Der%20Verein%20%E2%80%93%20KGV%20am%20Equipagenweg%20e.V-Dateien\/franzi.htm\" alt=\"\"><\/td><td><strong>Franziska Just, Garten Nr. 47<\/strong>, <a href=\"mailto:f.just@kgv-am-equipagenweg.de\" data-type=\"mailto\" data-id=\"mailto:f.just@kgv-am-equipagenweg.de\">f.just@kgv-am-equipagenweg.de<\/a><br><br><strong>Aufgaben:<\/strong><br>\u2013 Protokollf\u00fchrung bei Vorstandssitzungen und Mitgliederversammlungen<br>\u2013 Erstellen von Schriftst\u00fccken und Vertr\u00e4gen<br>\u2013 Kontrolle und F\u00fchrung des Vereins und der Gartenanlage<\/td><\/tr><tr><td> Kassiererin<br><img decoding=\"async\" src=\"Der%20Verein%20%E2%80%93%20KGV%20am%20Equipagenweg%20e.V-Dateien\/kassierVS.htm\" alt=\"\"><\/td><td><strong>J\u00f6rdis M\u00fcnzner-Kesch<\/strong>, <a href=\"mailto:kassiererin@kgv-am-equipagenweg.de\">kassiererin@kgv-am-equipagenweg.de<\/a><br><br><strong>Aufgaben:<\/strong><br>\u2013 Erstellen von Rechnungen<br>\u2013 Kontrolle von eingehenden und ausgehenden Zahlungen<br>\u2013 Erstellen der Jahresbilanz<br>\u2013 Ansprechpartner bei Fragen zu Rechnungen oder Mahnungen<br>\u2013 Kontrolle und F\u00fchrung des Vereins und der Gartenanlage<\/td><\/tr><\/tbody><\/table><\/figure>\n<\/div><\/div>\n\n\n\n<div class=\"wp-block-pb-accordion-item c-accordion__item js-accordion-item no-js\" data-initially-open=\"false\" data-click-to-close=\"true\" data-auto-close=\"true\" data-scroll=\"false\" data-scroll-offset=\"0\"><h2 id=\"at-101\" class=\"c-accordion__title js-accordion-controller\" role=\"button\">Satzung<\/h2><div id=\"ac-101\" class=\"c-accordion__content\">\n<p>Die neue Satzung wurde am 12.09.2021 in der Mitgliederversammlung beschlossen. Den vollen Text findet ihr <a href=\"https:\/\/kgv-am-equipagenweg.de\/wp-content\/uploads\/2023\/03\/Satzg_KGV_2022_final.pdf\" data-type=\"attachment\" data-id=\"233\">hier als PDF<\/a>.<\/p>\n<\/div><\/div>\n\n\n\n<div class=\"wp-block-pb-accordion-item c-accordion__item js-accordion-item no-js\" data-initially-open=\"false\" data-click-to-close=\"true\" data-auto-close=\"true\" data-scroll=\"false\" data-scroll-offset=\"0\"><h2 id=\"at-102\" class=\"c-accordion__title js-accordion-controller\" role=\"button\">Beauftragte und Obpersonen<\/h2><div id=\"ac-102\" class=\"c-accordion__content\">\n<h3 class=\"wp-block-heading\">Wasserobmann<\/h3>\n\n\n\n<p>Frank Himstedt, Garten Nr.35<\/p>\n\n\n\n<p>Aufgaben:<\/p>\n\n\n\n<ul class=\"wp-block-list\">\n<li>Kontrolle der Wasserversorgung<\/li>\n\n\n\n<li>Leitung und Verwaltung von Z\u00e4hlerst\u00e4nden und deren Ablesung<\/li>\n\n\n\n<li>Kontrolle und Verplomben der Wasseruhren<\/li>\n\n\n\n<li>Leitung von Arbeitseins\u00e4tzen f\u00fcr die Wasserversorgung<\/li>\n<\/ul>\n\n\n\n<p><strong>Hinweis:<\/strong> Dem Wasserobmann ist, auf dessen Nachfrage, der Zugang zum Wasserz\u00e4hler zu gew\u00e4hren.<\/p>\n\n\n\n<h3 class=\"wp-block-heading\">Elektrikobperson<\/h3>\n\n\n\n<p>Nicht besetzt.<\/p>\n\n\n\n<p>Aufgaben:<\/p>\n\n\n\n<ul class=\"wp-block-list\">\n<li>Kontrolle der Stromversorgung<\/li>\n\n\n\n<li>Leitung und Verwaltung von Z\u00e4hlerst\u00e4nden und deren Ablesung<\/li>\n\n\n\n<li>Kontrolle der Z\u00e4hler<\/li>\n\n\n\n<li>Leitung von Arbeitseins\u00e4tzen f\u00fcr die Elektrizit\u00e4tsversorgung<\/li>\n<\/ul>\n\n\n\n<p><strong>Hinweis:<\/strong> Der Elektrikobperson ist, auf deren Nachfrage, der Zugang zum Stromz\u00e4hler zu gew\u00e4hren.<\/p>\n\n\n\n<h3 class=\"wp-block-heading\">Fachpersonen<\/h3>\n\n\n\n<p>Waltraud Gerhardt, Garten Nr.12<\/p>\n\n\n\n<p>Aufgaben:<\/p>\n\n\n\n<ul class=\"wp-block-list\">\n<li>Beratung der Vereinsmitglieder bei Krankheiten an Pflanzen oder Sch\u00e4dlingsbefall<\/li>\n\n\n\n<li>Information zur Pflanzenpflege<\/li>\n\n\n\n<li>Durchf\u00fchrung von Schulungsveranstaltungen f\u00fcr die Mitglieder<\/li>\n<\/ul>\n\n\n\n<h3 class=\"wp-block-heading\">Mediation<\/h3>\n\n\n\n<p>Die Mediatorinnen und Mediatoren sollen bei pers\u00f6nlichen Streitigkeiten zwischen Vereinsmitgliedern vermitteln.<br>Sie werden gerufen, um Streitigkeiten beizulegen, bevor die Vorstandsversammlung \u00fcber Streitigkeiten richten soll.<\/p>\n\n\n\n<p>Zur Zeit wurden keine Mediatorinnen\/Mediatoren berufen. Bei Interesse bitte beim Vorstand melden.<\/p>\n<\/div><\/div>\n","protected":false},"excerpt":{"rendered":"","protected":false},"author":3,"featured_media":0,"parent":0,"menu_order":3,"comment_status":"closed","ping_status":"closed","template":"","meta":{"footnotes":""},"class_list":["post-10","page","type-page","status-publish","hentry"],"_links":{"self":[{"href":"https:\/\/kgv-am-equipagenweg.de\/press\/wp-json\/wp\/v2\/pages\/10","targetHints":{"allow":["GET"]}}],"collection":[{"href":"https:\/\/kgv-am-equipagenweg.de\/press\/wp-json\/wp\/v2\/pages"}],"about":[{"href":"https:\/\/kgv-am-equipagenweg.de\/press\/wp-json\/wp\/v2\/types\/page"}],"author":[{"embeddable":true,"href":"https:\/\/kgv-am-equipagenweg.de\/press\/wp-json\/wp\/v2\/users\/3"}],"replies":[{"embeddable":true,"href":"https:\/\/kgv-am-equipagenweg.de\/press\/wp-json\/wp\/v2\/comments?post=10"}],"version-history":[{"count":13,"href":"https:\/\/kgv-am-equipagenweg.de\/press\/wp-json\/wp\/v2\/pages\/10\/revisions"}],"predecessor-version":[{"id":390,"href":"https:\/\/kgv-am-equipagenweg.de\/press\/wp-json\/wp\/v2\/pages\/10\/revisions\/390"}],"wp:attachment":[{"href":"https:\/\/kgv-am-equipagenweg.de\/press\/wp-json\/wp\/v2\/media?parent=10"}],"curies":[{"name":"wp","href":"https:\/\/api.w.org\/{rel}","templated":true}]}}