{"id":26,"date":"2022-02-08T20:05:50","date_gmt":"2022-02-08T20:05:50","guid":{"rendered":"https:\/\/kgv-am-equipagenweg.de\/press\/?page_id=26"},"modified":"2022-04-27T07:43:39","modified_gmt":"2022-04-27T07:43:39","slug":"die-gaerten","status":"publish","type":"page","link":"https:\/\/kgv-am-equipagenweg.de\/press\/die-gaerten\/","title":{"rendered":"Die G\u00e4rten"},"content":{"rendered":"\n<p>Die G\u00e4rten spiegeln die Individualit\u00e4t der Mitglieder wieder, und dienen der Erholung und Versorgung zugleich. Sie bereichern die Landschaft und bilden einen Teil der gr\u00fcnen Lunge der Stadt.<\/p>\n\n\n\n<p>Der Kleingarten kann auch dem k\u00f6rperlichen und geistigen Ausgleich dienen, vor allem f\u00fcr Menschen mit B\u00fcrojob, wo Sonne und Bewegung selten sind.<br>Gerade in der heutigen Zeit, wo alles aus dem Supermarkt kommt, erlebt man immer wieder, wie Kinder erstaunt sind, dass Obst und Gem\u00fcse unverpackt wachsen oder wenn sie erfahren, wie viel Arbeit das Essen auf dem Tisch macht. Besonders wichtig ist nat\u00fcrlich auch das sch\u00f6ne Gef\u00fchl, etwas Eigenes gepflanzt und geerntet zu haben.<\/p>\n\n\n\n<p>Sollte Interesse an einem Garten bestehen, k\u00f6nnen Sie sich bei Andre Just (Vorstand, Garten Nr.50, just@kgv-am-equipagenweg.de) auf eine Warteliste eintragen lassen. Sprechzeiten des Vorstandes finden Sie auf der <a href=\"https:\/\/kgv-am-equipagenweg.de\/press\/aktuelles\/\" data-type=\"URL\" data-id=\"https:\/\/kgv-am-equipagenweg.de\/press\/aktuelles\/\">&#8222;Aktuelles&#8220;-Seite<\/a>.<\/p>\n\n\n\n<div class=\"wp-block-columns is-layout-flex wp-container-core-columns-is-layout-9d6595d7 wp-block-columns-is-layout-flex\">\n<div class=\"wp-block-column is-layout-flow wp-block-column-is-layout-flow\"><\/div>\n\n\n\n<div class=\"wp-block-column is-layout-flow wp-block-column-is-layout-flow\"><\/div>\n\n\n\n<div class=\"wp-block-column is-layout-flow wp-block-column-is-layout-flow\"><\/div>\n<\/div>\n\n\n\n<figure class=\"wp-block-gallery has-nested-images columns-default is-cropped wp-block-gallery-1 is-layout-flex wp-block-gallery-is-layout-flex\">\n<figure class=\"wp-block-image size-large\"><img loading=\"lazy\" decoding=\"async\" width=\"768\" height=\"576\" data-id=\"12\" src=\"http:\/\/kgv-am-equipagenweg.de\/wp-content\/uploads\/2022\/02\/g13-768x576-1.jpg\" alt=\"Fotos von G\u00e4rten unserer Mitglieder\" class=\"wp-image-12\" srcset=\"https:\/\/kgv-am-equipagenweg.de\/wp-content\/uploads\/2022\/02\/g13-768x576-1.jpg 768w, https:\/\/kgv-am-equipagenweg.de\/wp-content\/uploads\/2022\/02\/g13-768x576-1-300x225.jpg 300w\" sizes=\"auto, (max-width: 768px) 100vw, 768px\" \/><\/figure>\n\n\n\n<figure class=\"wp-block-image size-full\"><img loading=\"lazy\" decoding=\"async\" width=\"428\" height=\"600\" data-id=\"18\" src=\"http:\/\/kgv-am-equipagenweg.de\/wp-content\/uploads\/2022\/02\/g50.jpg\" alt=\"\" class=\"wp-image-18\" srcset=\"https:\/\/kgv-am-equipagenweg.de\/wp-content\/uploads\/2022\/02\/g50.jpg 428w, https:\/\/kgv-am-equipagenweg.de\/wp-content\/uploads\/2022\/02\/g50-214x300.jpg 214w\" sizes=\"auto, (max-width: 428px) 100vw, 428px\" \/><\/figure>\n\n\n\n<figure class=\"wp-block-image size-large\"><img loading=\"lazy\" decoding=\"async\" width=\"401\" height=\"600\" data-id=\"17\" src=\"http:\/\/kgv-am-equipagenweg.de\/wp-content\/uploads\/2022\/02\/g50-2.jpg\" alt=\"\" class=\"wp-image-17\" srcset=\"https:\/\/kgv-am-equipagenweg.de\/wp-content\/uploads\/2022\/02\/g50-2.jpg 401w, https:\/\/kgv-am-equipagenweg.de\/wp-content\/uploads\/2022\/02\/g50-2-201x300.jpg 201w\" sizes=\"auto, (max-width: 401px) 100vw, 401px\" \/><\/figure>\n<figcaption class=\"blocks-gallery-caption\">Fotos aus G\u00e4rten unserer Mitglieder<\/figcaption><\/figure>\n","protected":false},"excerpt":{"rendered":"<p>Die G\u00e4rten spiegeln die Individualit\u00e4t der Mitglieder wieder, und dienen der Erholung und Versorgung zugleich. Sie bereichern die Landschaft und bilden einen Teil der gr\u00fcnen Lunge der Stadt. Der Kleingarten kann auch dem k\u00f6rperlichen und geistigen Ausgleich dienen, vor allem f\u00fcr Menschen mit B\u00fcrojob, wo Sonne und Bewegung selten sind.Gerade in der heutigen Zeit, wo&hellip; <br \/> <a class=\"read-more\" href=\"https:\/\/kgv-am-equipagenweg.de\/press\/die-gaerten\/\">Weiterlesen<\/a><\/p>\n","protected":false},"author":3,"featured_media":0,"parent":0,"menu_order":4,"comment_status":"closed","ping_status":"closed","template":"","meta":{"footnotes":""},"class_list":["post-26","page","type-page","status-publish","hentry"],"_links":{"self":[{"href":"https:\/\/kgv-am-equipagenweg.de\/press\/wp-json\/wp\/v2\/pages\/26","targetHints":{"allow":["GET"]}}],"collection":[{"href":"https:\/\/kgv-am-equipagenweg.de\/press\/wp-json\/wp\/v2\/pages"}],"about":[{"href":"https:\/\/kgv-am-equipagenweg.de\/press\/wp-json\/wp\/v2\/types\/page"}],"author":[{"embeddable":true,"href":"https:\/\/kgv-am-equipagenweg.de\/press\/wp-json\/wp\/v2\/users\/3"}],"replies":[{"embeddable":true,"href":"https:\/\/kgv-am-equipagenweg.de\/press\/wp-json\/wp\/v2\/comments?post=26"}],"version-history":[{"count":6,"href":"https:\/\/kgv-am-equipagenweg.de\/press\/wp-json\/wp\/v2\/pages\/26\/revisions"}],"predecessor-version":[{"id":168,"href":"https:\/\/kgv-am-equipagenweg.de\/press\/wp-json\/wp\/v2\/pages\/26\/revisions\/168"}],"wp:attachment":[{"href":"https:\/\/kgv-am-equipagenweg.de\/press\/wp-json\/wp\/v2\/media?parent=26"}],"curies":[{"name":"wp","href":"https:\/\/api.w.org\/{rel}","templated":true}]}}