{"id":8,"date":"2022-02-25T12:26:35","date_gmt":"2022-02-25T12:26:35","guid":{"rendered":"https:\/\/kgv-am-equipagenweg.de\/press\/?page_id=8"},"modified":"2025-08-24T17:06:51","modified_gmt":"2025-08-24T17:06:51","slug":"impressum-datenschutz","status":"publish","type":"page","link":"https:\/\/kgv-am-equipagenweg.de\/press\/impressum-datenschutz\/","title":{"rendered":"Impressum &#038; Datenschutz"},"content":{"rendered":"\n<h2 class=\"wp-block-heading\" id=\"impressum\">Impressum<\/h2>\n\n\n\n<div class=\"wp-block-columns is-layout-flex wp-container-core-columns-is-layout-9d6595d7 wp-block-columns-is-layout-flex\">\n<div class=\"wp-block-column is-layout-flow wp-block-column-is-layout-flow\">\n<p>KGV \u201eAm Equipagenweg\u201c e.V.<br>Equipagenweg<br>04416 Markkleeberg<br>!!!Keine Postanschrift!!!<\/p>\n<\/div>\n\n\n\n<div class=\"wp-block-column is-layout-flow wp-block-column-is-layout-flow\">\n<p>Registergericht: Amtsgericht Leipzig VR 775<br>Registernummer: VR 10775<\/p>\n<\/div>\n<\/div>\n\n\n\n<div class=\"wp-block-columns is-layout-flex wp-container-core-columns-is-layout-9d6595d7 wp-block-columns-is-layout-flex\">\n<div class=\"wp-block-column is-layout-flow wp-block-column-is-layout-flow\" style=\"flex-basis:100%\">\n<p>Verantwortlich f\u00fcr den Inhalt des Internetauftritts:<br>Erster Vorsitzender, Andr\u00e9 Just<\/p>\n<\/div>\n<\/div>\n\n\n\n<p>Vertretungsberechtigter Vorstand:<\/p>\n\n\n\n<figure class=\"wp-block-table\"><table><tbody><tr><td>1. Vorsitzender:<\/td><td>Andr\u00e9 Just<\/td><td>just@kgv-am-equipagenweg.de<\/td><\/tr><tr><td>2. Vorsitzender:<\/td><td>Andreas M\u00fcller<\/td><td>andreas.mueller@kgv-am-equipagenweg.de<\/td><\/tr><tr><td>Schriftf\u00fchrerin:<\/td><td>Franziska Just<\/td><td>f.just@kgv-am-equipagenweg.de<\/td><\/tr><tr><td>Kassiererin:<\/td><td>J\u00f6rdis M\u00fcnzner-Kesch<\/td><td>kassiererin@kgv-am-equipagenweg.de<\/td><\/tr><\/tbody><\/table><figcaption class=\"wp-element-caption\">Vertretungsberechtigter Vorstand<\/figcaption><\/figure>\n\n\n\n<h3 class=\"wp-block-heading\" id=\"haftungsausschluss\">Haftungsausschluss<\/h3>\n\n\n\n<ol class=\"wp-block-list\">\n<li>Der Verantwortliche f\u00fcr den Seiteninhalt (folgend Autor genannt) lehnt die Haftung f\u00fcr Sch\u00e4den jeglicher Art ab, die durch Nutzen oder Nichtnutzen der Homepage entstehen. Dies bezieht sich vor allem auf Korrektheit, Vollst\u00e4ndigkeit und Aktualit\u00e4t der angebotenen Informationen. Der Autor beh\u00e4lt sich vor, den Inhalt der Homepage zu \u00e4ndern, zu erweitern oder zu l\u00f6schen.<\/li>\n\n\n\n<li>Trotz sorgf\u00e4ltiger Kontrolle der verlinkten Seiten (Hyperlinks) wird jegliche Verantwortung f\u00fcr den Inhalt dieser Seiten abgelehnt. Die Verantwortung f\u00fcr den Inhalt obliegt dem Autor der verlinkten Seite. Zum Zeitpunkt der Verlinkung fanden sich auf den verlinkten Seiten keine bedenklichen Inhalte. Sollte der Autor von bedenklichen Inhalten Kenntnis erlangen, wird der entsprechende Link umgehend entfernt.<\/li>\n\n\n\n<li>Alle auf der Website verwendeten Grafiken und andere Medien wurden, solange nicht anders gekennzeichnet, vom Autor erstellt oder dem Autor wurde das Nutzungrecht gew\u00e4hrt. Das Copyright f\u00fcr diese Medien und oder Grafiken bleibt beim Autor beziehungsweise dem Urheber.<\/li>\n\n\n\n<li>Sollte einer der oben stehenden Punkte gegen geltendes Recht versto\u00dfen, tritt an diese Stelle die entsprechende gesetzliche Regelung. Es wird immer nur der betroffene Punkt ver\u00e4ndert oder unwirksam, alle anderen Punkte bleiben davon unber\u00fchrt.<\/li>\n<\/ol>\n\n\n\n<h2 class=\"wp-block-heading\" id=\"datenschutz\">Datenschutz<\/h2>\n\n\n\n<h3 class=\"wp-block-heading\" id=\"cookies\">Cookies<\/h3>\n\n\n\n<p>Diese Website nutzt nur technisch notwendige Cookies.<\/p>\n\n\n\n<h3 class=\"wp-block-heading\" id=\"personenbezogene-daten\">Personenbezogene Daten<\/h3>\n\n\n\n<p>Diese Website speichert und verarbeitet keine personenbezogenen Daten.<\/p>\n\n\n\n<p>Von den Besuchern der Seite werden \u00fcber den Hoster automatisert anonymisierte Daten zur Nutzung der Seite wie zum Beispiel Provider und Nutzungsdauer erfasst. Pers\u00f6nliche Daten werden nicht erhoben, gespeichert oder verarbeitet.<br>Daten, die dem Verein zu Anfragen auf freie G\u00e4rten oder mit der Bitte um Zusammenarbeit oder dauerhaften Kontakt zugetragen werden, werden nur zu diesem Zweck gespeichert. Eine Abfrage nach eigenen gespeicherten Daten oder ein Antrag auf L\u00f6schung dieser kann \u00fcber den 2. Vorsitzenden erfolgen.<\/p>\n","protected":false},"excerpt":{"rendered":"<p>Impressum KGV \u201eAm Equipagenweg\u201c e.V.Equipagenweg04416 Markkleeberg!!!Keine Postanschrift!!! Registergericht: Amtsgericht Leipzig VR 775Registernummer: VR 10775 Verantwortlich f\u00fcr den Inhalt des Internetauftritts:Erster Vorsitzender, Andr\u00e9 Just Vertretungsberechtigter Vorstand: 1. Vorsitzender: Andr\u00e9 Just just@kgv-am-equipagenweg.de 2. Vorsitzender: Andreas M\u00fcller andreas.mueller@kgv-am-equipagenweg.de Schriftf\u00fchrerin: Franziska Just f.just@kgv-am-equipagenweg.de Kassiererin: J\u00f6rdis M\u00fcnzner-Kesch kassiererin@kgv-am-equipagenweg.de Vertretungsberechtigter Vorstand Haftungsausschluss Datenschutz Cookies Diese Website nutzt nur technisch notwendige Cookies.&hellip; <br \/> <a class=\"read-more\" href=\"https:\/\/kgv-am-equipagenweg.de\/press\/impressum-datenschutz\/\">Weiterlesen<\/a><\/p>\n","protected":false},"author":3,"featured_media":0,"parent":0,"menu_order":6,"comment_status":"closed","ping_status":"closed","template":"","meta":{"footnotes":""},"class_list":["post-8","page","type-page","status-publish","hentry"],"_links":{"self":[{"href":"https:\/\/kgv-am-equipagenweg.de\/press\/wp-json\/wp\/v2\/pages\/8","targetHints":{"allow":["GET"]}}],"collection":[{"href":"https:\/\/kgv-am-equipagenweg.de\/press\/wp-json\/wp\/v2\/pages"}],"about":[{"href":"https:\/\/kgv-am-equipagenweg.de\/press\/wp-json\/wp\/v2\/types\/page"}],"author":[{"embeddable":true,"href":"https:\/\/kgv-am-equipagenweg.de\/press\/wp-json\/wp\/v2\/users\/3"}],"replies":[{"embeddable":true,"href":"https:\/\/kgv-am-equipagenweg.de\/press\/wp-json\/wp\/v2\/comments?post=8"}],"version-history":[{"count":3,"href":"https:\/\/kgv-am-equipagenweg.de\/press\/wp-json\/wp\/v2\/pages\/8\/revisions"}],"predecessor-version":[{"id":389,"href":"https:\/\/kgv-am-equipagenweg.de\/press\/wp-json\/wp\/v2\/pages\/8\/revisions\/389"}],"wp:attachment":[{"href":"https:\/\/kgv-am-equipagenweg.de\/press\/wp-json\/wp\/v2\/media?parent=8"}],"curies":[{"name":"wp","href":"https:\/\/api.w.org\/{rel}","templated":true}]}}